{"id":869,"date":"2015-02-15T19:13:08","date_gmt":"2015-02-15T17:13:08","guid":{"rendered":"http:\/\/www.ilkerdogan.com\/?page_id=869"},"modified":"2021-03-21T19:29:10","modified_gmt":"2021-03-21T16:29:10","slug":"anasayfa","status":"publish","type":"page","link":"https:\/\/www.ilkerdogan.com\/","title":{"rendered":"ANASAYFA"},"content":{"rendered":"<div class=\"intro\">\n<h2>Bizimle, En G\u00fczel An\u0131n\u0131z&nbsp;<span class=\"rotate-words\" data-interval=\"3000\"><span>Durdurulur.<\/span><span>\u00d6l\u00fcms\u00fczle\u015ftirilir.<\/span><span>Payla\u015f\u0131l\u0131r.<\/span><span>Tekrar Ya\u015fat\u0131l\u0131r.<\/span><span>Sizlerin Olur.<\/span><\/span><\/p>\n<\/h2>\n<\/div>\n<div class=\"owl-carousel owl-loading\" data-items=\"3\" data-loop=\"true\" data-center=\"false\" data-mouse-drag=\"true\" data-nav=\"true\" data-dots=\"false\" data-autoplay=\"true\" data-autoplay-speed=\"1000\" data-autoplay-timeout=\"2000\" data-nav-text-prev=\"Prev\" data-nav-text-next=\"Next\">\n<div>\n<p><img decoding=\"async\" alt=\"\" src=\"https:\/\/www.ilkerdogan.com\/wp-content\/uploads\/COKapak.jpg\"><\/p>\n<\/div>\n<div>\n<p><img decoding=\"async\" alt=\"\" src=\"https:\/\/www.ilkerdogan.com\/wp-content\/uploads\/MO2.jpg\"><\/p>\n<\/div>\n<div>\n<p><img decoding=\"async\" alt=\"\" src=\"https:\/\/www.ilkerdogan.com\/wp-content\/uploads\/MC12.jpg\"><\/p>\n<\/div>\n<div>\n<p><img decoding=\"async\" alt=\"\" src=\"https:\/\/www.ilkerdogan.com\/wp-content\/uploads\/WD2.jpg\"><\/p>\n<\/div>\n<div>\n<p><img decoding=\"async\" alt=\"\" src=\"https:\/\/www.ilkerdogan.com\/wp-content\/uploads\/MO6.jpg\"><\/p>\n<\/div>\n<div>\n<p><img decoding=\"async\" alt=\"\" src=\"https:\/\/www.ilkerdogan.com\/wp-content\/uploads\/TR14.jpg\"><\/p>\n<\/div>\n<div>\n<p><img decoding=\"async\" alt=\"\" src=\"https:\/\/www.ilkerdogan.com\/wp-content\/uploads\/MO3.jpg\"><\/p>\n<\/div>\n<div>\n<p><img decoding=\"async\" alt=\"\" src=\"https:\/\/www.ilkerdogan.com\/wp-content\/uploads\/MO1.jpg\"><\/p>\n<\/div>\n<\/div>\n","protected":false},"excerpt":{"rendered":"","protected":false},"author":1,"featured_media":0,"parent":0,"menu_order":1,"comment_status":"closed","ping_status":"closed","template":"template-homepage_alternate.php","meta":{"footnotes":""},"_links":{"self":[{"href":"https:\/\/www.ilkerdogan.com\/index.php\/wp-json\/wp\/v2\/pages\/869"}],"collection":[{"href":"https:\/\/www.ilkerdogan.com\/index.php\/wp-json\/wp\/v2\/pages"}],"about":[{"href":"https:\/\/www.ilkerdogan.com\/index.php\/wp-json\/wp\/v2\/types\/page"}],"author":[{"embeddable":true,"href":"https:\/\/www.ilkerdogan.com\/index.php\/wp-json\/wp\/v2\/users\/1"}],"replies":[{"embeddable":true,"href":"https:\/\/www.ilkerdogan.com\/index.php\/wp-json\/wp\/v2\/comments?post=869"}],"version-history":[{"count":192,"href":"https:\/\/www.ilkerdogan.com\/index.php\/wp-json\/wp\/v2\/pages\/869\/revisions"}],"predecessor-version":[{"id":1913,"href":"https:\/\/www.ilkerdogan.com\/index.php\/wp-json\/wp\/v2\/pages\/869\/revisions\/1913"}],"wp:attachment":[{"href":"https:\/\/www.ilkerdogan.com\/index.php\/wp-json\/wp\/v2\/media?parent=869"}],"curies":[{"name":"wp","href":"https:\/\/api.w.org\/{rel}","templated":true}]}}