{"id":92,"date":"2012-04-06T14:02:29","date_gmt":"2012-04-06T11:02:29","guid":{"rendered":"http:\/\/themes.iki-bir.com\/jupither-wp\/?page_id=92"},"modified":"2020-06-16T21:16:01","modified_gmt":"2020-06-16T18:16:01","slug":"iletisim","status":"publish","type":"page","link":"https:\/\/www.ilkerdogan.com\/index.php\/iletisim\/","title":{"rendered":"\u0130LET\u0130\u015e\u0130M"},"content":{"rendered":"<h2 class=\"section-title \">BANA ULA\u015eIN<\/h2>\n<div class=\"row\">\n<div class=\"col-sm-4 col-xs-10\">\n<div class=\"fun-fact\">\n<h4>\n<div class=\"fun-fact\"><i class=\"pw-icon-location\"><\/i><\/p>\n<h4>Eskilstuna, SE<\/h4>\n<\/div>\n<\/h4>\n<\/div>\n<\/div>\n<div class=\"col-sm-4 col-xs-10\">\n<div class=\"fun-fact\">\n<h4>\n<div class=\"fun-fact\"><i class=\"pw-icon-mail\"><\/i><\/p>\n<h4>ilker@ilkerdogan.com<\/h4>\n<\/div>\n<\/h4>\n<\/div>\n<\/div>\n<div class=\"col-sm-4 col-xs-10\">\n<div class=\"fun-fact\">\n<h4>\n<div class=\"fun-fact\"><i class=\"pw-icon-thumbs-up\"><\/i><\/p>\n<h4>Freelance Hizmet<\/h4>\n<\/div>\n<\/h4>\n<\/div>\n<\/div>\n<\/div>\n","protected":false},"excerpt":{"rendered":"<p>BANA ULA\u015eIN<\/p>\n","protected":false},"author":1,"featured_media":0,"parent":0,"menu_order":6,"comment_status":"closed","ping_status":"closed","template":"","meta":{"footnotes":""},"_links":{"self":[{"href":"https:\/\/www.ilkerdogan.com\/index.php\/wp-json\/wp\/v2\/pages\/92"}],"collection":[{"href":"https:\/\/www.ilkerdogan.com\/index.php\/wp-json\/wp\/v2\/pages"}],"about":[{"href":"https:\/\/www.ilkerdogan.com\/index.php\/wp-json\/wp\/v2\/types\/page"}],"author":[{"embeddable":true,"href":"https:\/\/www.ilkerdogan.com\/index.php\/wp-json\/wp\/v2\/users\/1"}],"replies":[{"embeddable":true,"href":"https:\/\/www.ilkerdogan.com\/index.php\/wp-json\/wp\/v2\/comments?post=92"}],"version-history":[{"count":68,"href":"https:\/\/www.ilkerdogan.com\/index.php\/wp-json\/wp\/v2\/pages\/92\/revisions"}],"predecessor-version":[{"id":1881,"href":"https:\/\/www.ilkerdogan.com\/index.php\/wp-json\/wp\/v2\/pages\/92\/revisions\/1881"}],"wp:attachment":[{"href":"https:\/\/www.ilkerdogan.com\/index.php\/wp-json\/wp\/v2\/media?parent=92"}],"curies":[{"name":"wp","href":"https:\/\/api.w.org\/{rel}","templated":true}]}}